igit of y?
2
Suppose 0*u - 72 = -6*u. Suppose -3*s + 7*v = 2*v - 22, -u = -2*s + 2*v. What is the units digit of 259/s - 1/(-4)?
5
Suppose 3*r + 63 = 10*r. What is the hundreds digit of (2*3/r)/((-12)/(-2466))?
1
Let i(j) = 5 + 16*j + 2 + 24*j - 5. What is the units digit of i(1)?
2
Suppose j + j = 5*o + 107, -3*j - 39 = 2*o. Let v = -18 - o. What is the units digit of v?
3
Suppose 0*u + 36 = -4*u. Let h = 36 + -40. Let z = h - u. What is the units digit of z?
5
What is the hundreds digit of (-10)/(30/(-15)) + (-2806)/(-2)?
4
Let v(z) = -z**2 + 10*z - 14. Let q be v(8). Suppose -q*w = -s + 51, -w - w + 194 = 4*s. What is the tens digit of s?
4
Suppose -4*c = 24 - 0. Let l be ((-213)/c)/(3/6). Let m = l + -50. What is the tens digit of m?
2
Suppose -35*h + 5*q - 2551 = -37*h, -q = 4*h - 5111. What is the tens digit of h?
7
Suppose -16*y + 10497 = 3*z - 11*y, 0 = -5*z - 5*y + 17485. What is the hundreds digit of z?
4
Let t = 667 + -373. Let z = -29 + t. What is the tens digit of z?
6
Let g = -463 + 276. Let s = g - -386. What is the hundreds digit of s?
1
Let o = 18 - 16. Suppose o*s + 4 = 24. Let n = s - -3. What is the units digit of n?
3
Suppose 0 = 7*n - 5*n - 2*s - 486, 4*n + 4*s - 996 = 0. What is the tens digit of n?
4
Let g(x) be the third derivative of -x**4/24 + 10*x**3/3 - 18*x**2. What is the units digit of g(19)?
1
Let p(s) = 258*s + 110. What is the units digit of p(5)?
0
Let o = -30 - -40. Suppose 3*y + o = 19. Suppose -2*q = -c + 3*q + 10, -4*c = -y*q - 108. What is the tens digit of c?
3
Let z = -515 + 911. Suppose -3*g + 493 = 5*t, -4*g + z = 5*t - t. Suppose 4*b + 2 = t. What is the tens digit of b?
2
Let p = 1 - -1. Suppose -208 = -p*f - 2*f. Suppose -f + 7 = -5*n. What is the units digit of n?
9
Let z = 35 + -30. Let t(r) = r**3 - 6*r**2 + 5*r + 4. Let m be t(z). What is the units digit of 24/m + 0 + -2?
4
Suppose -4*r + 906 = -758. What is the tens digit of r?
1
Let a(f) be the first derivative of -f**2 + 28*f + 12. What is the units digit of a(-8)?
4
Suppose 0*x - x + 80 = 0. Suppose 0 = 30*f - 28*f - x. What is the units digit of f?
0
Let c = 4 + -3. Let q be 8/(-8) + 34/c. What is the units digit of q/4 + 11/(-44)?
8
Let w(c) = 2*c**2 - 32*c - 267. What is the hundreds digit of w(39)?
5
Suppose -2*i + 89 = -n, -5*i + 215 = -3*n + 8*n. Let z = -8 + i. What is the units digit of z?
6
Let c = 3297 + -1406. What is the units digit of c?
1
Let l(j) = 4*j**2 - 3*j**2 - 4 - 6 + 3*j**3 - j + 2. What is the tens digit of l(3)?
7
Let m = 62 + -32. Suppose -c + 4*b = m - 137, 3*c - 285 = 3*b. What is the units digit of c?
1
Let d = 312 - -55. What is the units digit of d?
7
Let u(g) = g**2 - 10*g + 4. Let j(s) be the first derivative of 3*s**2/2 - 15*s + 1. Let p be j(9). What is the tens digit of u(p)?
2
Let p be ((-40)/14)/((-2)/7). Let t = -7 + p. Suppose 4*u = i - 26, t = u + 6. What is the units digit of i?
4
Let k = 21 + -29. Suppose -2*h = 3*u - 48 - 68, -4*h + 212 = u. What is the tens digit of k/h + (-587)/(-13)?
4
What is the thousands digit of ((-6452)/(-10))/(17/(-255)*-3)?
3
Let a = 17 - 9. Let z be 10/(-30) - a/(-6). What is the units digit of (-1 - (z + -3)) + 23?
4
Suppose 2*h + 2*s = 1306, 5*h - 3260 = s - 5*s. What is the units digit of h/42 + (-6)/14?
5
What is the tens digit of (-1532)/(-8) + (-69)/46?
9
Let m = -18 + 87. What is the tens digit of m?
6
Suppose -3*z = -t + 84, -2*z - 82 = -t - 0*t. Let q = 13 - -65. Suppose -6*c = -t - q. What is the units digit of c?
6
Suppose 11*u - 7730 = -2659. What is the tens digit of u?
6
Let x = 738 - 415. What is the units digit of x?
3
Suppose -274 = -p - 2. What is the units digit of p?
2
Suppose 4*t + y - 16 = -7, 0 = 5*t + y - 11. Suppose 0 = 3*k + 3, -4*j + k - t*k + 439 = 0. What is the units digit of j?
0
Let o be (-5)/5 + 3*37. Suppose 0 = 4*y - 106 - o. What is the units digit of y?
4
Suppose -3*q + 0*q + 3*j = -852, 5*q + 4*j = 1447. What is the units digit of (-3)/(-6)*(q - -5)?
6
Let a = 46 - 31. What is the units digit of (a - 8/2) + -1?
0
Let h(i) = i**3 + 30*i**2 + 4*i + 45. What is the tens digit of h(-27)?
2
Let p(q) = -65*q - 318. What is the units digit of p(-8)?
2
Suppose 13 - 53 = -4*o. Suppose 5*p - o = 120. What is the tens digit of p?
2
What is the thousands digit of 53/(-6 + (-381)/(-63))?
1
Suppose -2*w - 567 + 2829 = 0. What is the thousands digit of w?
1
Let c(p) = p + 3. Let m(o) = -o**3 - 6*o**2 - 5*o + 8. Let n be m(-5). What is the units digit of c(n)?
1
Let m = 950 - -204. What is the thousands digit of m?
1
Let r(h) = -h**3 + h**2 - 3*h + 3. Let m be r(1). Suppose 0*o - 140 = -5*o + 3*p, 5*o - p - 150 = m. What is the tens digit of o?
3
Let i be (0 - 17)*(-3)/2*-2. Let r = i + 188. What is the hundreds digit of r?
1
Let d(m) = 4*m + 10. Let r be d(-3). Let h be (r/(-3))/((-8)/(-60)). What is the units digit of (-20)/(0 + h) + 29?
5
Let d = 196 - -76. Suppose -9*u - d = -u. Let n = u - -74. What is the tens digit of n?
4
Suppose -6*m + 3750 = -558. What is the hundreds digit of m?
7
Suppose -3*v + 4*k = -58 - 156, -3*v + 3*k + 213 = 0. Suppose -72*p + v*p + 528 = 0. What is the hundreds digit of p?
2
Let h = -754 - -1198. What is the units digit of h?
4
Let y(x) = x**2 + 19*x - 20. Let k be y(-20). What is the tens digit of k + 1 + 102 + -14?
8
What is the thousands digit of (-40)/(-490)*7 - (-56090)/14?
4
Suppose 0 = 6*p - 2*p - 4*t - 36, t = 5*p - 53. Let c = -14 + p. Let l = 9 - c. What is the units digit of l?
2
Let p(o) = -o**3 + 10*o**2 - 10*o - 10. Let g be p(8). Let u(q) = -38*q - 1 + 5*q**2 + g*q - 5. What is the tens digit of u(-3)?
3
Suppose 0 = -4*s + 15 - 3. Let u(f) = -6*f**2 - 11*f + f**s + 7 - 9 - 5. What is the tens digit of u(8)?
3
What is the tens digit of 1*178*(-33 - -34)?
7
Suppose -10*g + g + 2007 = 0. What is the hundreds digit of g?
2
Suppose 2*w + 3*k - 11 = 0, -3*w - 2*k = -7*k + 31. What is the hundreds digit of 1/(w/(-870)*3)?
1
Let r = -8 + 13. Suppose d = r*d - 108. What is the units digit of d?
7
Let x(h) = -h + 8. Suppose 5*z = -78 - 87. Let y(f) = -6*f + 41. Let n(j) = z*x(j) + 6*y(j). What is the units digit of n(-9)?
9
Suppose 6*n = 119 - 329. What is the units digit of (n/10 + 3)*-84?
2
Suppose 0 = 551*j - 559*j + 3488. What is the units digit of j?
6
Suppose 4*p + 2*q = 286, -3*p + p + 140 = 2*q. Suppose 3*i + 2*j = 12 + p, -3*j = -15. What is the tens digit of i?
2
Let s be (-5)/25 - (-702)/10. Suppose 103*r = 98*r + s. What is the tens digit of r?
1
Suppose -s = -2*g + 4 - 16, 4*g = -5*s + 46. Suppose -3*l + 2 = -s. What is the units digit of (-1984)/(-30) + l/(-30)?
6
Let k be 79/(-7) - (-2)/7. Suppose 0 = 13*z - 18*z + 120. Let m = z + k. What is the units digit of m?
3
What is the tens digit of 0/((-21)/(-3)) - (-10764)/4?
9
Let m(b) = b**3 + 11*b**2 - 6*b + 4. What is the hundreds digit of m(-6)?
2
Let h be 0/(-2) - 24 - (0 + -2). Let f = 25 + h. What is the units digit of f?
3
Let t(h) = h**2 + 1. Let y be t(0). Let c be 25 - (y/1 - -3). Let l = c + -9. What is the units digit of l?
2
Let k(v) = -3*v**2 + 11*v + 10. Let m(h) = -16*h**2 + 54*h + 51. Let a(p) = 11*k(p) - 2*m(p). Let d be a(12). Suppose 0*f = f - d. What is the units digit of f?
0
What is the units digit of 98/(13 + (-4445)/343)?
1
Suppose 4*b - 5*i = 0, 4*i = 7*i. Suppose 3*a = -b*u + u + 259, 0 = 2*a - 5*u - 151. What is the tens digit of (-25)/(-10)*a/10?
2
What is the hundreds digit of 4/24 + 238/84 - -1774?
7
What is the hundreds digit of (-9246)/(-54) - (-10)/(-45)?
1
Let h = 12 + 211. Suppose 6*i - 3*i = 5*z - 251, -5*i = 4*z - h. What is the units digit of z?
2
Let z(m) = 2*m**2 - m - 13. What is the tens digit of z(8)?
0
Suppose -2*a = 5*l - 13 - 11, a + 18 = 5*l. Let s(n) = 27*n - 21. What is the tens digit of s(l)?
8
Let f(q) = 3 - 2*q + 6 - 66*q**3 - 4*q**2 - 8. What is the tens digit of f(-1)?
6
Suppose d = 438 + 35. What is the units digit of d?
3
Suppose q - l = -4*l + 3428, -4*q - l = -13734. What is the thousands digit of q?
3
Let n(u) = -7*u + 44. Let y be n(6). Suppose -y*w = -4*w - g + 100, 4*w - 2*g - 184 = 0. What is the units digit of w?
8
Let z(n) = n**2 + 18*n + 18. Let r be z(-17). What is the units digit of ((-15)/30)/(r/(-88))?
4
Let y(r) = -4*r**2 + 60*r + 7. Let l be y(15). Let o(s) be the second